+ 3*g**2 + 1 + g**2. Give r(1).
4
Let k(o) = o**3 - 1 + 2*o**3 + 4*o - 2*o + 9*o**2 - 10*o**2. What is k(1)?
3
Let a(x) = -3*x - 4*x + x**2 + 2*x - 4*x - 6. Give a(9).
-6
Let z be (-4 + 0)/((-8)/12). Let v(m) = -2 + 5*m + 6 - z*m. Determine v(4).
0
Let m(p) = -p**2 - 5*p. Let b = -2 - -7. Let a be 3/(3/b) - 1. Suppose g + 0*g + a = 0. Determine m(g).
4
Let f = 25 + -32. Let x(m) = m**3 + 7*m**2 - 6. Give x(f).
-6
Suppose -3*z + 3 = -4*z. Let m be z/(((-6)/2)/(-3)). Let b(u) = u**2 + 3*u - 3. Give b(m).
-3
Let r(x) = 6*x**2 - x. Suppose 3*l - 10 = -2*l. Suppose 6*h - l = 4*h. Calculate r(h).
5
Suppose -3*k = -6*k - 15. Let v(h) = h - 13. Let o be v(9). Let a = o - k. Let x(i) = -5*i**2. Give x(a).
-5
Suppose 2*v - 1 = 3*z, -11 = z + v - 4. Let u(p) = -p**3 - 3*p**2 - 4*p - 1. What is u(z)?
11
Let n(k) be the second derivative of -k**3/6 + 2*k. Let b be n(2). Let i(f) be the third derivative of f**6/60 + f**5/30 + f**3/3 + 24*f**2. Determine i(b).
-6
Suppose 0*l - 5*l = 2*g - 6, -4*g = 4*l. Suppose z - o = 2*z + l, 4*o + 8 = -z. Let q(w) = w**3 - 2. What is q(z)?
-2
Let y(x) = -12*x**2 - 15*x**2 + 5*x - 1 + 26*x**2. Determine y(6).
-7
Let q(s) be the second derivative of 3*s**5/20 + s**4/12 - s**3/3 + s**2/2 - 4*s. Give q(1).
3
Suppose 2*o = 4*m - 12, 5*m - 16 = -0*o + 2*o. Let a(x) = -3 - 3 - m*x - 3*x + 5. Calculate a(1).
-8
Let f(r) = -9 + 4*r**2 - 6*r - 5*r**2 + 0 + 4. Let d = -9 + 4. Determine f(d).
0
Let t(u) = -u**3 + u**2 + 5*u - 3. Suppose -g + 1 = -5. Let r be g/(-39) - (-123)/39. Calculate t(r).
-6
Let o(f) be the first derivative of f**6/360 - f**5/20 + f**4/6 - 2*f**3/3 - 3. Let u(l) be the third derivative of o(l). Determine u(4).
-4
Let z(t) = -t**2 - 6*t - 5. Let x be z(-5). Suppose -5*l + 5 + 10 = x. Let y(k) = l*k - 2*k - 8*k. Give y(1).
-7
Let o(t) be the first derivative of 2*t**2 - t - 2. What is o(2)?
7
Let d(f) = -3*f + 5. Let j(t) = 4*t - 4. Let x(a) = 3*d(a) + 2*j(a). Determine x(5).
2
Suppose -z - 16 = z. Let d(s) = 12*s + 7. Let k(c) = 8*c + 5. Let m(y) = -y**2 + 13*y + 5. Let u be m(13). Let j(l) = u*d(l) + z*k(l). What is j(-4)?
11
Let n(b) be the third derivative of b**4/24 - 4*b**3/3 - 21*b**2. What is n(8)?
0
Let f(a) be the second derivative of 0*a**2 + 0 - 4*a - 2/3*a**3. What is f(1)?
-4
Let u be (-8)/22*(-143)/26. Let a(s) = s**3 + s**2 - 2*s + 2. Give a(u).
10
Let s(v) be the third derivative of v**3/6 + 2*v**2. Let n(w) = w + 7. Let z(u) = n(u) - 4*s(u). What is z(-5)?
-2
Let n(m) = -m**3 - 3*m**2 + 18*m + 3. Let o be n(-6). Let b(w) = -w - 2. Determine b(o).
-5
Let z be 23/5 + (-4)/(-10). Let g = 6 - z. Let q(a) = -11*a**2 + 4*a. Let x(f) = -33*f**2 + 11*f. Let v(w) = 8*q(w) - 3*x(w). What is v(g)?
10
Let h(o) = o - 1. Let q(s) = 2*s - 2. Let y(f) = -13*h(f) + 6*q(f). Suppose -2*x - 33 = x. Let d = 8 + x. What is y(d)?
4
Let i(t) = t**2 + t + 2. Let a be i(0). Suppose 10 = a*o - o + 5*f, -3*f + 6 = 5*o. Let q(w) = o - 2*w - 1 + w**2 - 3*w. Calculate q(5).
-1
Let c = 24 + -25. Let d(w) be the first derivative of -w**3/3 - w**2 - w + 1. What is d(c)?
0
Let n(l) be the second derivative of l**6/360 - l**5/60 - l**4/6 - 2*l. Let i(r) be the third derivative of n(r). Let x be (3 - 3) + 9/3. Determine i(x).
4
Let y(l) be the third derivative of -l**6/120 - 7*l**5/60 + l**3 + 8*l**2. Determine y(-7).
6
Suppose -4*r + 1 = -c + 6*c, -5*c = -3*r + 27. Let o(i) be the third derivative of -i**5/60 + i**4/6 - i**3/2 - 7*i**2. Determine o(r).
-3
Let b(x) = 2*x**2 + 5*x + 4. Let n be (-60)/45 - (-10)/(-6). What is b(n)?
7
Let h(i) = -i - 9. Let q(z) = 8. Let o(n) = -2*h(n) - 3*q(n). Calculate o(5).
4
Let u be 1 - ((-3 + 3)/(-4) - 7). Let f(i) = -i**3 + 8*i**2 - i - 1. What is f(u)?
-9
Let l(m) = m**3 - 7*m**2 - 8*m + 6. Let s be l(8). Let c(b) = 1 + s*b**2 + 4*b - 7*b**2 - 2*b. Give c(3).
-2
Suppose 5*o + 0 + 1 = 3*q, 4*q = -3*o - 18. Let w(j) = -j**2 - 4*j - 1. Let b be w(o). Let p(t) = 0 - t + 7 - t**2 - t**b - 2. Determine p(0).
5
Let x = -5 - -8. Let d(v) = x*v + 0*v**2 - v**2 - 3 + 0*v**2. Let a(s) = -2*s + 2. Let r be a(0). Determine d(r).
-1
Let s be 9/(-18)*12/2. Let n(w) = -w**3 - 5*w**2 - 4*w - 3. What is n(s)?
-9
Let s(b) = -b - 3. Suppose -4*j = -5*o + 27, -5*j - 3 = 3*o - j. What is s(o)?
-6
Let f(d) = 5*d - 6. Let i(p) = -7 + 0 + 4*p + 0 + 1. Let v(s) = -6*f(s) + 7*i(s). Calculate v(-5).
4
Let f(u) = u**3 - 4*u**2 - 5*u. Let z be f(5). Suppose 4 = w - z. Let k(j) = -j**2 + 5*j + 2. What is k(w)?
6
Suppose -7*u = -6*u - 1. Let c(r) = 5*r - 1. Let s be c(u). Let i(a) = 3*a - 4. Calculate i(s).
8
Let w(f) = f. Suppose 3*i - 24 = -i. What is w(i)?
6
Let u(g) = 7*g - 14. Let k be u(2). Let a(j) = -1 + j**2 + 4 + 0*j**2. What is a(k)?
3
Let a(p) = -7*p - 11. Let k(c) = 6*c + 10. Let y(m) = 5*a(m) + 6*k(m). Let f be y(-7). Let d(l) = -l**2 - 2*l - 3. Determine d(f).
-3
Let f(i) be the first derivative of i**2/2 + 10*i - 8. Give f(0).
10
Suppose 0 = -2*i - 2 - 6. Let y be 2/7 - 12/(-7). Let g(f) = 5 + 5*f - 2*f**y + 5*f**2 - 2*f**2 - 3. Calculate g(i).
-2
Let a = 159 + -158. Let d(u) = 10*u**2 + 1. Determine d(a).
11
Let b(v) = -v**2 - 20. Let i(g) = -2*g**2 - 42. Let z(c) = -5*b(c) + 2*i(c). Calculate z(0).
16
Let q(u) = -3. Let f be -5 - (0/(-2) - 3). Let r(x) = x + 1. Let l(v) = f*r(v) - q(v). Give l(2).
-3
Let d(f) be the first derivative of f**3/3 - f**2 - 6*f - 43. Suppose 0*q = -q + 5. Give d(q).
9
Let r(h) = h**2 - 2. Let i be -7 + 6 - (0 - 4). Determine r(i).
7
Let d(t) = -t**3 - 2*t**2 + 3*t - 2. Let i = 2 + -2. Suppose -4*r - 1 + 17 = i. Suppose 2*q + 8 = 6*q - 5*y, 4*y = r*q - 4. Give d(q).
-2
Let q(y) = 4*y + 6. Let m(z) = -9*z - 13. Let p(t) = 3*m(t) + 7*q(t). Suppose k - 4*b - 13 = 0, -k + 18 = 3*b - 8*b. Determine p(k).
-4
Let t be 3 - (-1)/(3/3). Let s(n) = t - 7*n + 0*n + 2*n + 4*n. Calculate s(5).
-1
Let c be (3 - 2)/((-1)/(-5)). Let n(k) = k**2 - 4*k + 6. What is n(c)?
11
Let l(n) = 1. Let p(f) = -f + 6. Let q(c) = -6*l(c) + p(c). Let s(d) = d - 9. Let o be s(7). What is q(o)?
2
Let u(x) = -x**2 + 12*x + 6. Let a be u(12). Let n = a + -10. Let i(d) = d**2 + 4*d + 2. Calculate i(n).
2
Suppose 3*v = 3*l - 18, -11 - 10 = 5*v - 2*l. Let f(a) = -2*a - 4. Calculate f(v).
2
Let q(s) be the second derivative of -1/2*s**2 + 1/3*s**3 - 1/20*s**5 + 0 + 5/12*s**4 - 4*s. Calculate q(5).
9
Let g(k) be the third derivative of -k**8/6720 - k**7/420 - k**6/120 - k**5/40 + k**4/12 - k**2. Let f(t) be the second derivative of g(t). Determine f(-5).
2
Let j(r) = r**2 - 4*r - 14. Let b be j(6). Let c(d) = -d + 2 - 2 + 21*d**2. Let m(l) = 4*l**2. Let p(f) = b*c(f) + 11*m(f). What is p(-2)?
4
Let r(j) = -1. Let h(d) = 2*d - 1. Let t(f) = -h(f) - 4*r(f). Calculate t(-6).
17
Suppose -15 - 10 = -5*c. Let w = -6 + 1. Let u be -2 - c/(w/(-4)). Let l(p) = p**3 + 5*p**2 - 7*p - 8. What is l(u)?
-2
Let f(y) = -y**2 + 14*y - 7*y - 3*y - 2*y. Suppose -2*t = 3*t - 20. What is f(t)?
-8
Let x = 6 - 4. Suppose -14 = -3*b + 1, 4*f - x = 2*b. Let t(z) = z**2 - 2*z - 4. Determine t(f).
-1
Let g(i) be the first derivative of i**4/4 - 7*i**3/3 + 2*i**2 + 8*i + 7. What is g(6)?
-4
Let n(f) = -f**2 - f + 1. Let p(r) = -3*r**2 - 3*r + 4. Let v(g) = 2*g - 3. Let y be v(2). Let u(t) = y*p(t) - 2*n(t). Let q be 16/6 - 4/6. What is u(q)?
-4
Let m(g) = -2*g**3 - 8*g**2 - 6*g + 4. Let o be m(-3). Let l(i) = -i**2 + 2*i + 5. Calculate l(o).
-3
Let p = -5 - -1. Let g(f) = -1 - 30*f**2 - f**3 + 2*f**3 + 34*f**2. Give g(p).
-1
Let t(q) be the first derivative of q**3/3 - q**2 + q - 24. Calculate t(5).
16
Let w(x) = 11*x**2 - 8*x - 3. Let i(y) = 6*y**2 - 4*y - 2. Let k(o) = -7*i(o) + 4*w(o). Let s be k(2). Let b(c) = -2*c**2 - 2*c**s + 9 + 3*c**2. What is b(0)?
9
Let x(o) = o**2 - 2*o - 5. Let u be x(4). Let l(t) = -2*t + 1 + 0 + u*t - 2*t. Give l(3).
-2
Let u be 2/4 - (-11)/2. Let r(x) = -x. Let y(m) = 4*m + 1. Let t(l) = -5*r(l) - y(l). What is t(u)?
5
Let i = 4 - 6. Let k(n) = -n. Let m(b) = -6*b + 2. Let a(d) = -d**2 - 2*d + 3. Let w be a(-4). Let l(h) = w*k(h) + m(h). Give l(i).
4
Let o(q) = 2*q**2 - 4*q. Let v(m) = -m**2 + 23*m + 53. Let d be v(25). Calculate o(d).
6
Let d(g) = 1 - 4 + g + 3. Let o(z) = z**2 - 2*z + 2. Let n be o(2). Let l = n + -2. What is d(l)?
0
Let j(z) be the first derivative of 5/2*z**2 + 1 + z. Determine j(1).
6
Supp